s of v.
7, 11
Let a = -28 - -26. List the prime factors of (-14 + 9)/(a/4).
2, 5
Let f(w) be the first derivative of -7*w**2 + 14*w + 3. What are the prime factors of f(-6)?
2, 7
Let h be 5 + -4 - (1 + 1 - 243). Suppose -3*x + 246 = -3*z, h = 3*x + z + 12. What are the prime factors of x?
2, 3, 13
Let g = -70 - -147. List the prime factors of (-6)/(-2)*(-1 - g/(-3)).
2, 37
Let r(n) = n**3 - 4*n**2 + 2*n - 5. Let w be r(4). Suppose 3*b - 4*z = -0*z + 122, w*b + 4*z = 154. List the prime factors of b.
2, 23
Let v be (1 - -158 - -3)*(-4)/(-3). List the prime factors of v - 2*(-6)/(-3).
2, 53
Let w(y) = 1290*y + 75. List the prime factors of w(1).
3, 5, 7, 13
Let p(m) = 3*m + 22. Let b be p(-6). Suppose -5*a + 875 = 2*y, 3*y - 712 = -b*a - y. What are the prime factors of a?
173
Let w be (-6)/10 - 396/(-10). Suppose -5*k - 4*u = -w, -4 = k + 5*u + 5. List the prime factors of k.
11
Suppose -m + 2*m - 15 = 0. Suppose y + 10 - 27 = -5*k, 3*k - m = y. What are the prime factors of ((-12)/3 - y) + 17?
2
Let v be (-82)/8*(-72)/9. Let n = 139 - v. List the prime factors of n.
3, 19
Let w(o) = -193*o**3 + 2*o**2 + o. List the prime factors of w(-1).
2, 97
Suppose 0 = 2*p + 3*b - 5*b + 8, -2*p + b - 9 = 0. Let f(o) = -o**2 - 5*o + 3. Let g be f(p). Suppose -g*t - t + 144 = 0. What are the prime factors of t?
2, 3
Let a = -1012 - -1471. What are the prime factors of a?
3, 17
Suppose 4*t = 4, -2*w - 9 + 0 = -3*t. Let i = w + 47. Let g = i + -28. List the prime factors of g.
2
Let b = -1210 + 2033. What are the prime factors of b?
823
Suppose -5*w = -5*h + 60, -3*h - 4 = 2. List the prime factors of ((-399)/w)/(-1 - (-21)/18).
3, 19
Let s = -35 + 92. Let g(k) = -k**3 + 16*k**2 - 21*k + 6. Let h be g(14). Let y = h - s. List the prime factors of y.
47
Suppose -3*d = 2*x + 14, 3*x = 2*x + 4*d - 18. Let u = 15 + x. Suppose -4*a + j + 69 = -a, -5*j = -u*a + 105. What are the prime factors of a?
2, 3
What are the prime factors of (1 - (-3 + 158))*1/(-1)?
2, 7, 11
Let h = 1034 + -246. What are the prime factors of h?
2, 197
Let d be 1 + (0 - (2 - 122)). Let f(r) = 11*r**2 - 2*r. Let h be f(2). Suppose -2*y = 2*q + 25 - d, -y - h = -q. What are the prime factors of q?
2, 11
Let m = 104 - 31. Let g = 83 + -33. Let n = m - g. What are the prime factors of n?
23
Let o = 24 - 24. Suppose 3*v + 3 = -o, -21 = -5*d - 4*v. Suppose 3*h + h = 4*p - 60, -4*p + 87 = d*h. List the prime factors of p.
2, 3
Suppose -6 = -3*s + 9. Suppose 11 = -s*j + 56. What are the prime factors of j?
3
Let n be 1347/15 + 7/35. Suppose 5*i = n + 245. List the prime factors of i.
67
Let p = 245 - -40. List the prime factors of p.
3, 5, 19
Let k(f) = 22*f + 108. What are the prime factors of k(30)?
2, 3
Let n(g) = 2*g**2 + 3*g - 183. What are the prime factors of n(-22)?
719
Suppose 3*q - 2*h - 5720 = 0, 9540 = 5*q - 0*h - 2*h. What are the prime factors of q?
2, 5, 191
Suppose 5*s - 21 = -11. What are the prime factors of 2664/20 - s/10?
7, 19
Suppose -2*b + 2*v + 3290 = 0, 0 = -13*v + 17*v - 4. What are the prime factors of b?
2, 823
Suppose -9*f + 4*j = -13*f + 1696, 3*f = 2*j + 1247. What are the prime factors of f?
419
Let a(t) = -5 - 7 - t + 0*t + 3. Let v be a(0). List the prime factors of ((-6)/v)/(2/51).
17
Suppose -6705 = -5*m - 2*r - 2*r, 4*m + 2*r - 5370 = 0. What are the prime factors of m?
5, 269
What are the prime factors of (-91)/28*(-11)/(55/1140)?
3, 13, 19
Let z = -2 - 19. Let s = z + 22. Suppose l = s, 3*q - 2*l = q + 32. What are the prime factors of q?
17
Let f be (0 + (-6)/9)*21. Let p = 51 - f. List the prime factors of p.
5, 13
Suppose -3077 + 1425 = -4*w. What are the prime factors of w?
7, 59
Suppose 5*k - 4*q = 2247, 5*q + 0*q - 432 = -k. What are the prime factors of k?
3, 149
Suppose -6*f - 239 = -4*g - 3*f, 0 = -g + 2*f + 66. Let j(k) = k - 1. Let d be j(5). Suppose -3*x = -d*x + g. List the prime factors of x.
2, 7
Let s(i) = -158*i + 5. List the prime factors of s(-7).
11, 101
Let g be (-1)/(-7) - (-385)/49 - 2. List the prime factors of -2 - (3100/(-30) + 2/g).
101
Let q = 4672 + -2615. What are the prime factors of q?
11, 17
Suppose q = -2*t - q + 30, -2*t + 23 = -5*q. List the prime factors of 15/2*12*t/9.
2, 5, 7
What are the prime factors of 7868/(-2)*42/(-28)?
3, 7, 281
Let q = -3412 - -6200. List the prime factors of q.
2, 17, 41
Suppose 0 = 4*a - 2*h - 86, a + h - 10 = 4. Let q(r) = r**2 - 2*r - 9. Let p be q(7). Let z = p - a. What are the prime factors of z?
7
Suppose 80*o - 93*o = -2158. List the prime factors of o.
2, 83
Suppose 0 = -11*n - 4647 + 21224. Suppose -9*q - 418 = -n. List the prime factors of q.
11
Let v be -4 - -1 - (-3 - -1*138). Let x = 219 + v. List the prime factors of x.
3
Let w be (6/4)/(1/30). Let l be ((-15)/9)/((-3)/w). Suppose -4*y - 1 = -l. What are the prime factors of y?
2, 3
Let u be (-2*7)/((-24)/60). What are the prime factors of 127 - (-7)/(u/15)?
2, 5, 13
Let n(c) = 5*c - 7*c + 6*c - 3*c**2 - c**3 + 9. What are the prime factors of n(-6)?
3, 31
Let h(k) = k**3 - 4*k - 17*k**2 + 7*k**2 + 3*k + 0*k**2 + 9. List the prime factors of h(11).
7, 17
Let r(h) = 2*h - 2*h + 0*h - 8 - 9*h + 2*h**2. What are the prime factors of r(7)?
3
Let w be 10/(-5)*149/(-2). Suppose -4*i + 7 = 5*z - 33, -1 = 3*i - 4*z. Suppose -i*d + 3*f + 243 = 0, 3*f - 2*f + w = 3*d. List the prime factors of d.
3, 17
Suppose 5*u = 2*s + 2671 + 7460, 0 = 2*s - 4. List the prime factors of u.
2027
Let s(z) be the third derivative of -z**4/8 - 11*z**3/6 + 18*z**2. What are the prime factors of s(-11)?
2, 11
Let p(h) = 16*h - 2. Let u be p(7). Let f be u + -4 - 8/2. Suppose 0 = 2*i - 4*i + f. What are the prime factors of i?
3, 17
Let n(l) = -l**2 + 13*l + 1. Let o be n(13). Let z(h) = 6*h**2 + 3 + h - 3. What are the prime factors of z(o)?
7
Let j = 1330 - -81. List the prime factors of j.
17, 83
Let c(b) = -232*b + 19. List the prime factors of c(-3).
5, 11, 13
Let i(c) = 219*c + 227. What are the prime factors of i(6)?
23, 67
Let x(h) = 54*h + 1. Let y be x(1). Suppose 4*u = -u + y. List the prime factors of 1*(u - -1)*2.
2, 3
Suppose 2*g - 2*s - 16 = -g, 3*g = -5*s - 19. Suppose -r = -3*h - 36, -r + 144 = g*r + 3*h. List the prime factors of r.
3, 5
Let y be -2 - 116 - (6 + -5). Let s = -83 - y. Suppose w = s + 4. List the prime factors of w.
2, 5
Suppose -3*r + 120 = -3*h, r - h - 3*h = 55. Let a = -23 + r. Suppose 215 = a*z - 7*z. What are the prime factors of z?
43
Suppose 0*q + 4*l = -4*q + 8, -3*q = l - 6. Let f = 15 - q. List the prime factors of f.
13
Suppose 1 = 3*c - 17. Let t(z) = z**3 - 7*z**2 + 4*z + 9. Let s be t(c). Let a = 10 + s. What are the prime factors of a?
7
Let v(z) = -z**3 - 9*z**2 - 5*z - 5. Let n = 0 + -9. Let l be v(n). Suppose -i - 4*i + l = 0. What are the prime factors of i?
2
Let o(k) = 2*k**3 - 5*k**2 - 6*k - 2. Let p be o(-2). Let t = 39 + p. What are the prime factors of t?
13
Let p(j) = j**3 - 4*j**2 + j + 1. Let k be p(5). Suppose -57 + 32 = 5*s. Let o = k + s. List the prime factors of o.
2, 13
Let f(a) = -a**3 + 21*a**2 - 58*a + 8. What are the prime factors of f(14)?
2, 71
Let g(u) = u**2 + u + 4. Let i be g(0). Suppose 2*j - 29 = f, 3*j - i*f + 2*f = 45. List the prime factors of j.
13
Let p(v) = v**2 - 21*v - 28. Let r be p(21). Let j = -20 - r. What are the prime factors of j?
2
Let x(g) be the first derivative of 5*g**3/3 + 2*g**2 - 12*g - 28. What are the prime factors of x(5)?
7, 19
Let b(c) = -2*c + 1. Let g(p) = -99*p - 1. Let t(n) = 2*b(n) + g(n). List the prime factors of t(-2).
3, 23
Let l be 5/(((-16)/4)/(-12)). Suppose 10*q + l = 9*q. What are the prime factors of 159*(4 + 55/q)?
53
Suppose -4*x = 12 + 8. Let s(g) = -g + 15. What are the prime factors of s(x)?
2, 5
Suppose -4*g - 49 = -433. List the prime factors of g.
2, 3
Let k = 559 + 309. What are the prime factors of k?
2, 7, 31
Suppose 0 = -2*b - 3*k + 8, -20 = b - 6*b - k. Suppose 2*q - 394 = b*g, 4*q - 608 = -5*g + 167. What are the prime factors of q?
3, 5, 13
Let k = -332 - -514. Let h = -105 + k. List the prime factors of h.
7, 11
Let r(s) = -31*s**2 + s - 1. Let v be r(1). Suppose -7 = -4*m - 55. Let p = m - v. What are the prime factors of p?
19
Let n = 66 + 246. List the prime factors of n.
2, 3, 13
Suppose -u = -3*u. Let k = 5 - -19. Supp